 176 (base 9) to base 12.
106
What is 6733 (base 10) in base 11?
5071
4387 (base 9) to base 8
6246
2211220 (base 4) to base 6
121024
1ab6 (base 12) to base 6
23150
1017 (base 8) to base 13
317
What is -1554 (base 6) in base 2?
-110101110
Convert -5534 (base 9) to base 2.
-111111110001
-11001111001 (base 2) to base 3
-2021101
Convert 277 (base 12) to base 13.
232
-5437 (base 11) to base 12
-41a3
100010110011 (base 2) to base 14
b51
-f9 (base 16) to base 13
-162
Convert -39a (base 15) to base 2.
-1100110100
6227 (base 11) to base 10
8257
Convert -1150 (base 6) to base 3.
-101110
-51355 (base 7) to base 5
-400120
Convert -65848 (base 10) to base 7.
-362656
Convert -11033 (base 4) to base 8.
-517
What is 1a72a (base 13) in base 10?
51750
Convert 11149 (base 11) to base 10.
16146
Convert -10054 (base 6) to base 10.
-1330
10144 (base 10) to base 2
10011110100000
Convert -1110212100 (base 3) to base 2.
-111000110000101
1424 (base 7) to base 3
202122
c9 (base 13) to base 3
20010
Convert 100001000 (base 3) to base 7.
25131
-998 (base 16) to base 8
-4630
Convert 831 (base 15) to base 12.
109a
Convert -44220 (base 5) to base 8.
-5764
Convert -8bb4 (base 14) to base 8.
-57312
-110633 (base 9) to base 5
-4104001
Convert 2402 (base 14) to base 2.
1100010000010
Convert 371 (base 10) to base 8.
563
What is 42a (base 12) in base 14?
318
Convert -2001 (base 4) to base 3.
-11210
-17643 (base 9) to base 16
-2f9d
1011010101 (base 2) to base 3
222212
What is 225 (base 13) in base 2?
101110001
226552 (base 7) to base 13
15721
Convert 103 (base 7) to base 2.
110100
Convert -2375 (base 9) to base 14.
-905
What is -d03 (base 15) in base 11?
-2222
What is -1010100 (base 2) in base 15?
-59
5998 (base 10) to base 11
4563
3545 (base 12) to base 10
5957
Convert -43 (base 15) to base 5.
-223
What is -2960 (base 12) in base 3?
-20121200
311510 (base 6) to base 4
12013002
Convert 1113 (base 11) to base 4.
112322
Convert -11cd (base 15) to base 11.
-2939
-1bb4 (base 14) to base 8
-11702
Convert -13414 (base 9) to base 7.
-35326
Convert -5355 (base 10) to base 12.
-3123
Convert -7852 (base 10) to base 15.
-24d7
What is -485 (base 11) in base 7?
-1453
What is -509 (base 12) in base 8?
-1331
What is 30102 (base 6) in base 4?
331112
-aa41 (base 14) to base 8
-71421
Convert 1120220 (base 3) to base 15.
523
-344020 (base 6) to base 16
-72cc
What is -20150 (base 8) in base 16?
-2068
What is 2222 (base 5) in base 12?
220
-1111001011 (base 2) to base 4
-33023
220 (base 5) to base 2
111100
-100000100110010 (base 2) to base 4
-10010302
-64205 (base 7) to base 9
-23705
What is -4460 (base 10) in base 5?
-120320
Convert 6b81 (base 14) to base 7.
105421
928 (base 10) to base 13
565
-29286 (base 11) to base 16
-a27d
10926 (base 12) to base 8
53056
20010 (base 3) to base 13
c9
Convert -1404 (base 5) to base 12.
-171
What is -271 (base 12) in base 16?
-175
Convert -15705 (base 10) to base 14.
-5a1b
-12697 (base 15) to base 4
-32113303
What is 22001 (base 3) in base 11?
188
-1443 (base 11) to base 14
-970
What is -1339 (base 12) in base 4?
-202131
What is 606 (base 7) in base 6?
1220
What is 834 (base 11) in base 16?
3ed
What is 4088 (base 12) in base 5?
211031
What is -642 (base 13) in base 14?
-564
What is 1000001001000 (base 2) in base 10?
4168
What is 23200032 (base 4) in base 7?
254241
3462 (base 13) to base 7
30264
What is -5965 (base 10) in base 5?
-142330
Convert 3813 (base 9) to base 12.
1793
Convert 430 (base 10) to base 16.
1ae
What is -896 (base 13) in base 12?
-a2b
What is 19b (base 16) in base 7?
1125
bda (base 15) to base 9
3607
3519 (base 13) to base 9
11206
-12457 (base 11) to base 4
-10112321
3161 (base 10) to base 15
e0b
54462 (base 9) to base 16
8d05
Convert -15745 (base 8) to base 13.
-3334
Convert 10101011111000 (base 2) to base 4.
2223320
What is -11000021 (base 3) in base 11?
-2218
Convert -395 (base 11) to base 12.
-32b
What is -1001110001 (base 2) in base 16?
-271
118 (base 11) to base 12
b8
Convert -d41 (base 14) to base 9.
-3514
What is -5450 (base 13) in base 8?
-26716
What is -3ba4 (base 13) in base 2?
-10000110001000
Convert -101011 (base 4) to base 8.
-2105
-675 (base 8) to base 2
-110111101
204404 (base 5) to base 14
26d8
What is -412 (base 10) in base 16?
-19c
-111211011 (base 3) to base 7
-41242
What is -2440 (base 8) in base 7?
-3553
Convert 1104114 (base 5) to base 4.
10231110
What is -13b80 (base 13) in base 9?
-55818
119b (base 14) to base 4
300011
Convert -206 (base 14) to base 7.
-1106
What is 2312 (base 5) in base 13?
1c7
76 (base 13) to base 14
6d
-23 (base 9) to base 7
-30
5658 (base 12) to base 11
7212
Convert 4212 (base 6) to base 15.
42e
Convert -573 (base 8) to base 12.
-277
433440 (base 5) to base 13
69cb
What is 1000102 (base 3) in base 5?
10430
Convert 2ea (base 15) to base 7.
1645
Convert 183 (base 15) to base 2.
101011100
Convert -12551 (base 12) to base 14.
-915b
Convert -3018c (base 13) to base 7.
-505431
Convert 112130 (base 4) to base 13.
866
What is -75 (base 15) in base 9?
-132
What is -3b60 (base 13) in base 12?
-4b28
-7b5 (base 12) to base 10
-1145
-2b1 (base 16) to base 9
-845
1c5 (base 13) to base 6
1310
Convert 10011101101001110 (base 2) to base 3.
11002201120
16c1d (base 14) to base 2
1101111110101011
12078 (base 9) to base 5
224330
Convert -621 (base 7) to base 4.
-10311
565 (base 8) to base 7
1042
Convert -63 (base 14) to base 16.
-57
Convert 600 (base 12) to base 14.
45a
142431 (base 6) to base 12
7a17
What is -65a (base 12) in base 13?
-56b
Convert 9a8 (base 13) to base 12.
b63
Convert 16614 (base 10) to base 9.
24710
-220023 (base 4) to base 15
-b66
Convert -1066 (base 11) to base 8.
-2573
What is 2122103 (base 4) in base 11?
7468
What is 115465 (base 8) in base 13?
15115
What is 3048 (base 13) in base 15?
1e86
Convert 2568 (base 9) to base 15.
885
Convert -1012122 (base 3) to base 2.
-1101110001
-424 (base 13) to base 7
-2026
What is -3d28 (base 14) in base 8?
-25100
125 (base 11) to base 6
404
12314 (base 7) to base 16
cad
What is 11610 (base 9) in base 4?
1321221
Convert 1a23 (base 12) to base 16.
c7b
dd (base 16) to base 3
22012
Convert 1a72 (base 15) to base 2.
1011001100100
302 (base 11) to base 12
265
-40625 (base 9) to base 10
-26753
Convert -2656 (base 7) to base 15.
-481
Convert -101100110111 (base 2) to base 10.
-2871
220212 (base 5) to base 9
11326
What is -219 (base 16) in base 13?
-324
51173 (base 9) to base 6
415533
Convert 2020201102 (base 3) to base 14.
121ba
Convert 8492 (base 11) to base 2.
10101111100001
What is -12335 (base 8) in base 10?
-5341
What is 688 (base 12) in base 10?
968
What is be0 (base 15) in base 14?
d9b
-51150 (base 6) to base 3
-100021110
32867 (base 9) to base 6
245054
Convert -384 (base 14) to base 5.
-10304
What is -450030 (base 6) in base 15?
-b21c
Convert -475 (base 9) to base 6.
-1452
-2240 (base 8) to base 14
-608
Convert -11010010011 (base 2) to base 4.
-122103
14323 (base 11) to base 4
10332001
Convert -6013 (base 9) to base 13.
-1cc5
Convert -1001011101 (base 2) to base 7.
-1523
Convert 1100110010100 (base 2) to base 11.
4a13
Convert 441134 (base 5) to base 9.
22724
What is -22ad (base 15) in base 5?
-213423
36625 (base 8) to base 16
3d95
12202120 (base 3) to base 16
1068
Convert 210010200 (base 3) to base 15.
4873
Convert 1101022 (base 3) to base 12.
6bb
Convert -403 (base 10) to base 9.
-487
What is -1011100 (base 3) in base 7?
-2316
-5 (base 15) to base 16
-5
-16f (base 16) to base 6
-1411
What is -1010001111111 (base 2) in base 13?
-2508
7528 (base 15) to base 9
37002
What is 20415 (base 9) in base 8?
32224
What is -104651 (base 7) in base 16?
-484d
Convert 23043 (base 5) to base 6.
11344
What is -20414 (base 5) in base 10?
-1359
1483 (base 13) to base 3
11002101
What is 3076 (base 15) in base 9?
15033
-580 (base 11) to base 8
-1265
327 (base 14) to base 7
1550
What is 3a4d (base 14) in base 2?
10100000010101
6bb (base 12) to base 14
51d
-3261 (base 7) to base 6
-5230
1102 (base 8) to base 2
1001000010
-8163 (base 12) to base 7
-55641
Convert 51330 (base 7) to base 6.
133540
Convert -24443 (base 6) to base 16.
-e2b
Convert -2103120 (base 4) to base 11.
-70a5
Convert -374b (base 14) to base 6.
-112435
-321221 (base 4) to base 8
-7151
What is -312a (base 14) in base 5?
-23